{"id":298,"date":"2020-06-17T12:56:25","date_gmt":"2020-06-17T10:56:25","guid":{"rendered":"https:\/\/ubiquegallery.be\/?page_id=298"},"modified":"2020-11-06T16:18:50","modified_gmt":"2020-11-06T15:18:50","slug":"mac-hook","status":"publish","type":"page","link":"https:\/\/ubiquegallery.be\/index.php\/mac-hook\/","title":{"rendered":"Mac Hook"},"content":{"rendered":"\n<figure class=\"wp-block-image size-large\"><img loading=\"lazy\" decoding=\"async\" width=\"770\" height=\"1024\" src=\"https:\/\/ubiquegallery.be\/wp-content\/uploads\/2020\/11\/mh78-770x1024.png\" alt=\"\" class=\"wp-image-619\" srcset=\"https:\/\/ubiquegallery.be\/wp-content\/uploads\/2020\/11\/mh78-770x1024.png 770w, https:\/\/ubiquegallery.be\/wp-content\/uploads\/2020\/11\/mh78-225x300.png 225w, https:\/\/ubiquegallery.be\/wp-content\/uploads\/2020\/11\/mh78-768x1022.png 768w, https:\/\/ubiquegallery.be\/wp-content\/uploads\/2020\/11\/mh78-1155x1536.png 1155w, https:\/\/ubiquegallery.be\/wp-content\/uploads\/2020\/11\/mh78-1539x2048.png 1539w, https:\/\/ubiquegallery.be\/wp-content\/uploads\/2020\/11\/mh78-250x333.png 250w, https:\/\/ubiquegallery.be\/wp-content\/uploads\/2020\/11\/mh78-350x466.png 350w\" sizes=\"auto, (max-width: 767px) 89vw, (max-width: 1000px) 54vw, (max-width: 1071px) 543px, 580px\" \/><figcaption><em><a href=\"https:\/\/ubiquegallery.be\/index.php\/contact\/\">R\u00e9f\u00e9rence: MH00- information et prix sur demande en compl\u00e9tant le formulaire de la page contact<\/a><\/em><\/figcaption><\/figure>\n\n\n\n<figure class=\"wp-block-image size-large\"><img loading=\"lazy\" decoding=\"async\" width=\"552\" height=\"1024\" src=\"https:\/\/ubiquegallery.be\/wp-content\/uploads\/2020\/10\/mc5-552x1024.png\" alt=\"\" class=\"wp-image-566\" srcset=\"https:\/\/ubiquegallery.be\/wp-content\/uploads\/2020\/10\/mc5-552x1024.png 552w, https:\/\/ubiquegallery.be\/wp-content\/uploads\/2020\/10\/mc5-162x300.png 162w, https:\/\/ubiquegallery.be\/wp-content\/uploads\/2020\/10\/mc5-768x1425.png 768w, https:\/\/ubiquegallery.be\/wp-content\/uploads\/2020\/10\/mc5-828x1536.png 828w, https:\/\/ubiquegallery.be\/wp-content\/uploads\/2020\/10\/mc5-1103x2048.png 1103w, https:\/\/ubiquegallery.be\/wp-content\/uploads\/2020\/10\/mc5-250x464.png 250w, https:\/\/ubiquegallery.be\/wp-content\/uploads\/2020\/10\/mc5-350x650.png 350w, https:\/\/ubiquegallery.be\/wp-content\/uploads\/2020\/10\/mc5.png 1758w\" sizes=\"auto, (max-width: 552px) 100vw, 552px\" \/><figcaption><em><a href=\"https:\/\/ubiquegallery.be\/index.php\/contact\/\" data-type=\"page\" data-id=\"9\">R\u00e9f\u00e9rence: MH01- information et prix sur demande en compl\u00e9tant le formulaire de la page contact<\/a><\/em><\/figcaption><\/figure>\n\n\n\n<figure class=\"wp-block-image\"><img loading=\"lazy\" decoding=\"async\" width=\"1002\" height=\"1024\" src=\"https:\/\/ubiquegallery.be\/wp-content\/uploads\/2020\/06\/machook-1002x1024.jpg\" alt=\"\" class=\"wp-image-299\" srcset=\"https:\/\/ubiquegallery.be\/wp-content\/uploads\/2020\/06\/machook-1002x1024.jpg 1002w, https:\/\/ubiquegallery.be\/wp-content\/uploads\/2020\/06\/machook-250x255.jpg 250w, https:\/\/ubiquegallery.be\/wp-content\/uploads\/2020\/06\/machook-350x358.jpg 350w, https:\/\/ubiquegallery.be\/wp-content\/uploads\/2020\/06\/machook-294x300.jpg 294w, https:\/\/ubiquegallery.be\/wp-content\/uploads\/2020\/06\/machook-768x785.jpg 768w\" sizes=\"auto, (max-width: 767px) 89vw, (max-width: 1000px) 54vw, (max-width: 1071px) 543px, 580px\" \/><figcaption><em><a href=\"https:\/\/ubiquegallery.be\/index.php\/contact\/\">R\u00e9f\u00e9rence: MH02- information et prix sur demande en compl\u00e9tant le formulaire de la page contact<\/a><\/em><br><br><\/figcaption><\/figure>\n\n\n\n<figure class=\"wp-block-image size-large\"><img loading=\"lazy\" decoding=\"async\" width=\"763\" height=\"1024\" src=\"https:\/\/ubiquegallery.be\/wp-content\/uploads\/2020\/10\/MacHook-763x1024.png\" alt=\"\" class=\"wp-image-527\" srcset=\"https:\/\/ubiquegallery.be\/wp-content\/uploads\/2020\/10\/MacHook-763x1024.png 763w, https:\/\/ubiquegallery.be\/wp-content\/uploads\/2020\/10\/MacHook-250x335.png 250w, https:\/\/ubiquegallery.be\/wp-content\/uploads\/2020\/10\/MacHook-350x469.png 350w, https:\/\/ubiquegallery.be\/wp-content\/uploads\/2020\/10\/MacHook-224x300.png 224w, https:\/\/ubiquegallery.be\/wp-content\/uploads\/2020\/10\/MacHook-768x1030.png 768w, https:\/\/ubiquegallery.be\/wp-content\/uploads\/2020\/10\/MacHook-1145x1536.png 1145w, https:\/\/ubiquegallery.be\/wp-content\/uploads\/2020\/10\/MacHook-1527x2048.png 1527w\" sizes=\"auto, (max-width: 706px) 89vw, (max-width: 767px) 82vw, 740px\" \/><figcaption><em><a href=\"https:\/\/ubiquegallery.be\/index.php\/contact\/\">R\u00e9f\u00e9rence: MH03- information et prix sur demande en compl\u00e9tant le formulaire de la page contact<\/a><\/em><\/figcaption><\/figure>\n\n\n\n<figure class=\"wp-block-image size-large\"><img loading=\"lazy\" decoding=\"async\" width=\"757\" height=\"1024\" src=\"https:\/\/ubiquegallery.be\/wp-content\/uploads\/2020\/10\/MacHook2-757x1024.png\" alt=\"\" class=\"wp-image-530\" srcset=\"https:\/\/ubiquegallery.be\/wp-content\/uploads\/2020\/10\/MacHook2-757x1024.png 757w, https:\/\/ubiquegallery.be\/wp-content\/uploads\/2020\/10\/MacHook2-250x338.png 250w, https:\/\/ubiquegallery.be\/wp-content\/uploads\/2020\/10\/MacHook2-350x474.png 350w, https:\/\/ubiquegallery.be\/wp-content\/uploads\/2020\/10\/MacHook2-222x300.png 222w, https:\/\/ubiquegallery.be\/wp-content\/uploads\/2020\/10\/MacHook2-768x1039.png 768w, https:\/\/ubiquegallery.be\/wp-content\/uploads\/2020\/10\/MacHook2-1135x1536.png 1135w, https:\/\/ubiquegallery.be\/wp-content\/uploads\/2020\/10\/MacHook2-1513x2048.png 1513w\" sizes=\"auto, (max-width: 706px) 89vw, (max-width: 767px) 82vw, 740px\" \/><figcaption><em><a href=\"https:\/\/ubiquegallery.be\/index.php\/contact\/\">R\u00e9f\u00e9rence: MH04- information et prix sur demande en compl\u00e9tant le formulaire de la page contact<\/a><\/em><\/figcaption><\/figure>\n\n\n\n<figure class=\"wp-block-image size-large\"><img loading=\"lazy\" decoding=\"async\" width=\"1024\" height=\"738\" src=\"https:\/\/ubiquegallery.be\/wp-content\/uploads\/2020\/10\/371D7F3B-F466-4C59-98AE-C9328FAF7DA1-1024x738.jpeg\" alt=\"\" class=\"wp-image-569\" srcset=\"https:\/\/ubiquegallery.be\/wp-content\/uploads\/2020\/10\/371D7F3B-F466-4C59-98AE-C9328FAF7DA1-1024x738.jpeg 1024w, https:\/\/ubiquegallery.be\/wp-content\/uploads\/2020\/10\/371D7F3B-F466-4C59-98AE-C9328FAF7DA1-300x216.jpeg 300w, https:\/\/ubiquegallery.be\/wp-content\/uploads\/2020\/10\/371D7F3B-F466-4C59-98AE-C9328FAF7DA1-768x553.jpeg 768w, https:\/\/ubiquegallery.be\/wp-content\/uploads\/2020\/10\/371D7F3B-F466-4C59-98AE-C9328FAF7DA1-1536x1106.jpeg 1536w, https:\/\/ubiquegallery.be\/wp-content\/uploads\/2020\/10\/371D7F3B-F466-4C59-98AE-C9328FAF7DA1-2048x1475.jpeg 2048w, https:\/\/ubiquegallery.be\/wp-content\/uploads\/2020\/10\/371D7F3B-F466-4C59-98AE-C9328FAF7DA1-250x180.jpeg 250w, https:\/\/ubiquegallery.be\/wp-content\/uploads\/2020\/10\/371D7F3B-F466-4C59-98AE-C9328FAF7DA1-350x252.jpeg 350w\" sizes=\"auto, (max-width: 767px) 89vw, (max-width: 1000px) 54vw, (max-width: 1071px) 543px, 580px\" \/><figcaption><em><a href=\"https:\/\/ubiquegallery.be\/index.php\/contact\/\">R\u00e9f\u00e9rence: MH05- information et prix sur demande en compl\u00e9tant le formulaire de la page contact<\/a><\/em><\/figcaption><\/figure>\n\n\n\n<p><\/p>\n","protected":false},"excerpt":{"rendered":"","protected":false},"author":1,"featured_media":0,"parent":0,"menu_order":0,"comment_status":"closed","ping_status":"closed","template":"","meta":{"footnotes":""},"class_list":["post-298","page","type-page","status-publish","hentry"],"_links":{"self":[{"href":"https:\/\/ubiquegallery.be\/index.php\/wp-json\/wp\/v2\/pages\/298","targetHints":{"allow":["GET"]}}],"collection":[{"href":"https:\/\/ubiquegallery.be\/index.php\/wp-json\/wp\/v2\/pages"}],"about":[{"href":"https:\/\/ubiquegallery.be\/index.php\/wp-json\/wp\/v2\/types\/page"}],"author":[{"embeddable":true,"href":"https:\/\/ubiquegallery.be\/index.php\/wp-json\/wp\/v2\/users\/1"}],"replies":[{"embeddable":true,"href":"https:\/\/ubiquegallery.be\/index.php\/wp-json\/wp\/v2\/comments?post=298"}],"version-history":[{"count":11,"href":"https:\/\/ubiquegallery.be\/index.php\/wp-json\/wp\/v2\/pages\/298\/revisions"}],"predecessor-version":[{"id":621,"href":"https:\/\/ubiquegallery.be\/index.php\/wp-json\/wp\/v2\/pages\/298\/revisions\/621"}],"wp:attachment":[{"href":"https:\/\/ubiquegallery.be\/index.php\/wp-json\/wp\/v2\/media?parent=298"}],"curies":[{"name":"wp","href":"https:\/\/api.w.org\/{rel}","templated":true}]}}