{"id":7,"date":"2018-06-13T11:14:26","date_gmt":"2018-06-13T09:14:26","guid":{"rendered":"http:\/\/ubiquegallery.be\/?page_id=7"},"modified":"2025-12-16T11:17:22","modified_gmt":"2025-12-16T10:17:22","slug":"accueil","status":"publish","type":"page","link":"https:\/\/ubiquegallery.be\/","title":{"rendered":"Accueil"},"content":{"rendered":"<p><b><\/b><em><strong>Derni\u00e8re expo de l&rsquo;ann\u00e9e 2025<\/strong><\/em><\/p>\n<p><em><strong>Poursuivant\u00a0 sa philosophie de d\u00e9fendre\u00a0 ses artistes en tous lieux, Ubique Gallery pr\u00e9sente la\u00a0 nouvelle exposition\u00a0 d&rsquo;un de ses artistes r\u00e9sidents:<\/strong><\/em><\/p>\n<ul>\n<li><b><b><strong>Ubique Galllery pr\u00e9sente les derni\u00e8res cr\u00e9ations de David Deweerdt au Monty pendant le mois d&rsquo;octobre 2025. <br \/>Vernissage le Jeudi 9 octobre \u00e0 partir de 17h jusqu&rsquo;\u00e0 20h.<br \/>Le Monty<br \/>58 rue de Charleroi<br \/>1470 Genappe Belgique<\/strong><\/b><\/b>\n<div dir=\"auto\">Tous les jours de 12h \u00e0 17H.<\/div>\n<div dir=\"auto\">Vernissage le mardi 10 septembre \u00e0 partir de 18h.<br \/><br \/><\/div>\n<img loading=\"lazy\" decoding=\"async\" class=\"alignnone size-full wp-image-1131\" src=\"https:\/\/ubiquegallery.be\/wp-content\/uploads\/2025\/12\/Capture-decran-2025-12-16-a-11.12.54.png\" alt=\"\" width=\"1666\" height=\"1664\" srcset=\"https:\/\/ubiquegallery.be\/wp-content\/uploads\/2025\/12\/Capture-decran-2025-12-16-a-11.12.54.png 1666w, https:\/\/ubiquegallery.be\/wp-content\/uploads\/2025\/12\/Capture-decran-2025-12-16-a-11.12.54-300x300.png 300w, https:\/\/ubiquegallery.be\/wp-content\/uploads\/2025\/12\/Capture-decran-2025-12-16-a-11.12.54-1024x1024.png 1024w, https:\/\/ubiquegallery.be\/wp-content\/uploads\/2025\/12\/Capture-decran-2025-12-16-a-11.12.54-150x150.png 150w, https:\/\/ubiquegallery.be\/wp-content\/uploads\/2025\/12\/Capture-decran-2025-12-16-a-11.12.54-768x767.png 768w, https:\/\/ubiquegallery.be\/wp-content\/uploads\/2025\/12\/Capture-decran-2025-12-16-a-11.12.54-1536x1534.png 1536w, https:\/\/ubiquegallery.be\/wp-content\/uploads\/2025\/12\/Capture-decran-2025-12-16-a-11.12.54-100x100.png 100w\" sizes=\"auto, (max-width: 767px) 89vw, (max-width: 1000px) 54vw, (max-width: 1071px) 543px, 580px\" \/><\/li>\n<\/ul>\n<p>\u00a0<\/p>\n<p><img loading=\"lazy\" decoding=\"async\" class=\"alignnone size-full wp-image-1133\" src=\"https:\/\/ubiquegallery.be\/wp-content\/uploads\/2025\/12\/Capture-decran-2025-12-16-a-11.15.40.png\" alt=\"\" width=\"1664\" height=\"1676\" srcset=\"https:\/\/ubiquegallery.be\/wp-content\/uploads\/2025\/12\/Capture-decran-2025-12-16-a-11.15.40.png 1664w, https:\/\/ubiquegallery.be\/wp-content\/uploads\/2025\/12\/Capture-decran-2025-12-16-a-11.15.40-298x300.png 298w, https:\/\/ubiquegallery.be\/wp-content\/uploads\/2025\/12\/Capture-decran-2025-12-16-a-11.15.40-1017x1024.png 1017w, https:\/\/ubiquegallery.be\/wp-content\/uploads\/2025\/12\/Capture-decran-2025-12-16-a-11.15.40-150x150.png 150w, https:\/\/ubiquegallery.be\/wp-content\/uploads\/2025\/12\/Capture-decran-2025-12-16-a-11.15.40-768x774.png 768w, https:\/\/ubiquegallery.be\/wp-content\/uploads\/2025\/12\/Capture-decran-2025-12-16-a-11.15.40-1525x1536.png 1525w, https:\/\/ubiquegallery.be\/wp-content\/uploads\/2025\/12\/Capture-decran-2025-12-16-a-11.15.40-100x100.png 100w\" sizes=\"auto, (max-width: 767px) 89vw, (max-width: 1000px) 54vw, (max-width: 1071px) 543px, 580px\" \/><\/p>\n<p><strong>Le Monty<\/strong><br \/><strong>58 rue de Charleroi <\/strong><br \/><strong>1470 Genappe <\/strong><br \/><strong>Belgique<\/strong><\/p>\n<p><strong>\u00a0<\/strong><\/p>\n<h2 class=\"subtitle\" style=\"text-align: center;\"><b>Ubique<\/b>, adj.,<i>rare<\/i>.\u00a0<span class=\"def\">Qui est partout<\/span>.<\/h2>\n<h2 class=\"sten\" style=\"text-align: center;\">En BIOLOGIE, [en parlant d&rsquo;une esp\u00e8ce v\u00e9g\u00e9tale ou animale] qui peut vivre partout, qui s&rsquo;adapte facilement aux milieux les plus divers.<\/h2>\n\n\n<h2 class=\"wp-block-heading has-text-align-center subtitle\"><strong>Ubique Gallery<\/strong><br><strong> info@ubiquegallery.be<\/strong><br><strong>0478 51 36 58 <\/strong><\/h2>\n","protected":false},"excerpt":{"rendered":"<p>Derni\u00e8re expo de l&rsquo;ann\u00e9e 2025 Poursuivant\u00a0 sa philosophie de d\u00e9fendre\u00a0 ses artistes en tous lieux, Ubique Gallery pr\u00e9sente la\u00a0 nouvelle exposition\u00a0 d&rsquo;un de ses artistes r\u00e9sidents: Ubique Galllery pr\u00e9sente les derni\u00e8res cr\u00e9ations de David Deweerdt au Monty pendant le mois d&rsquo;octobre 2025. Vernissage le Jeudi 9 octobre \u00e0 partir de 17h jusqu&rsquo;\u00e0 20h.Le Monty58 rue &hellip; <\/p>\n<p class=\"link-more\"><a href=\"https:\/\/ubiquegallery.be\/\" class=\"more-link\">Continuer la lecture<span class=\"screen-reader-text\"> de &laquo;&nbsp;Accueil&nbsp;&raquo;<\/span><\/a><\/p>\n","protected":false},"author":1,"featured_media":0,"parent":0,"menu_order":0,"comment_status":"closed","ping_status":"closed","template":"","meta":{"footnotes":""},"class_list":["post-7","page","type-page","status-publish","hentry"],"_links":{"self":[{"href":"https:\/\/ubiquegallery.be\/index.php\/wp-json\/wp\/v2\/pages\/7","targetHints":{"allow":["GET"]}}],"collection":[{"href":"https:\/\/ubiquegallery.be\/index.php\/wp-json\/wp\/v2\/pages"}],"about":[{"href":"https:\/\/ubiquegallery.be\/index.php\/wp-json\/wp\/v2\/types\/page"}],"author":[{"embeddable":true,"href":"https:\/\/ubiquegallery.be\/index.php\/wp-json\/wp\/v2\/users\/1"}],"replies":[{"embeddable":true,"href":"https:\/\/ubiquegallery.be\/index.php\/wp-json\/wp\/v2\/comments?post=7"}],"version-history":[{"count":102,"href":"https:\/\/ubiquegallery.be\/index.php\/wp-json\/wp\/v2\/pages\/7\/revisions"}],"predecessor-version":[{"id":1134,"href":"https:\/\/ubiquegallery.be\/index.php\/wp-json\/wp\/v2\/pages\/7\/revisions\/1134"}],"wp:attachment":[{"href":"https:\/\/ubiquegallery.be\/index.php\/wp-json\/wp\/v2\/media?parent=7"}],"curies":[{"name":"wp","href":"https:\/\/api.w.org\/{rel}","templated":true}]}}