{"id":8,"date":"2018-06-13T11:14:26","date_gmt":"2018-06-13T09:14:26","guid":{"rendered":"http:\/\/ubiquegallery.be\/?page_id=8"},"modified":"2023-03-02T20:53:43","modified_gmt":"2023-03-02T19:53:43","slug":"a-propos-de","status":"publish","type":"page","link":"https:\/\/ubiquegallery.be\/index.php\/a-propos-de\/","title":{"rendered":"\u00c0 propos de"},"content":{"rendered":"<p>La galerie <strong>Ubique<\/strong> expose et vend un large panorama d&rsquo; \u0153uvres d&rsquo;art contemporaines: objets d&rsquo;arts, peintures, design, sculptures, calligraphies, graphes, tags, photographies, dessins etc.<\/p>\n<p>La galerie entend participer \u00e0 toutes manifestations:\u00a0 les expositions, les foires, les parcours artistiques, les performances&#8230; dans le but de promouvoir les artistes qu&rsquo;elle d\u00e9fend.<\/p>\n<p>Des ateliers divers seront organis\u00e9s au sein de la galerie, entre autres: un atelier d&rsquo;initiation \u00e0 la peinture.<\/p>\n<p><strong><em>Ligne \u00e9ditoriale<br \/>\n<\/em><\/strong><\/p>\n<hr \/>\n<p class=\"p1\"><span class=\"s1\"><b>L\u2019expressionnisme actuel,<\/b>\u00a0\u00e0 l\u2019instar de son \u00e9lan originel, a conserv\u00e9 sa puret\u00e9 de l\u2019extr\u00eamement vivant, de la chair au bord de l\u2019ab\u00eeme, du cri primal, de la sensualit\u00e9 instinctive, du langage qui vient des visc\u00e8res et de cette forme d\u2019art qui s\u2019adresse directement au syst\u00e8me nerveux (Francis Bacon parlait de sa peinture en ces termes). Deleuze parle de <strong>figural<\/strong> (l\u2019expression d\u2019une r\u00e9alit\u00e9 en exc\u00e8s).<\/span><\/p>\n<p class=\"p1\"><span class=\"s1\"><b>La ligne \u00e9ditoriale de la galerie<\/b>\u00a0se nourrit essentiellement de ces fi\u00e8vres-l\u00e0\u00a0: l\u2019<strong>expressionnisme<\/strong> et le <strong>figural<\/strong>.<\/span><\/p>\n","protected":false},"excerpt":{"rendered":"<p>La galerie Ubique expose et vend un large panorama d&rsquo; \u0153uvres d&rsquo;art contemporaines: objets d&rsquo;arts, peintures, design, sculptures, calligraphies, graphes, tags, photographies, dessins etc. La galerie entend participer \u00e0 toutes manifestations:\u00a0 les expositions, les foires, les parcours artistiques, les performances&#8230; dans le but de promouvoir les artistes qu&rsquo;elle d\u00e9fend. Des ateliers divers seront organis\u00e9s au &hellip; <\/p>\n<p class=\"link-more\"><a href=\"https:\/\/ubiquegallery.be\/index.php\/a-propos-de\/\" class=\"more-link\">Continuer la lecture<span class=\"screen-reader-text\"> de &laquo;&nbsp;\u00c0 propos de&nbsp;&raquo;<\/span><\/a><\/p>\n","protected":false},"author":1,"featured_media":0,"parent":0,"menu_order":0,"comment_status":"closed","ping_status":"closed","template":"","meta":{"footnotes":""},"class_list":["post-8","page","type-page","status-publish","hentry"],"_links":{"self":[{"href":"https:\/\/ubiquegallery.be\/index.php\/wp-json\/wp\/v2\/pages\/8","targetHints":{"allow":["GET"]}}],"collection":[{"href":"https:\/\/ubiquegallery.be\/index.php\/wp-json\/wp\/v2\/pages"}],"about":[{"href":"https:\/\/ubiquegallery.be\/index.php\/wp-json\/wp\/v2\/types\/page"}],"author":[{"embeddable":true,"href":"https:\/\/ubiquegallery.be\/index.php\/wp-json\/wp\/v2\/users\/1"}],"replies":[{"embeddable":true,"href":"https:\/\/ubiquegallery.be\/index.php\/wp-json\/wp\/v2\/comments?post=8"}],"version-history":[{"count":15,"href":"https:\/\/ubiquegallery.be\/index.php\/wp-json\/wp\/v2\/pages\/8\/revisions"}],"predecessor-version":[{"id":1040,"href":"https:\/\/ubiquegallery.be\/index.php\/wp-json\/wp\/v2\/pages\/8\/revisions\/1040"}],"wp:attachment":[{"href":"https:\/\/ubiquegallery.be\/index.php\/wp-json\/wp\/v2\/media?parent=8"}],"curies":[{"name":"wp","href":"https:\/\/api.w.org\/{rel}","templated":true}]}}